{"id":1107,"date":"2026-01-20T00:24:25","date_gmt":"2026-01-19T23:24:25","guid":{"rendered":"https:\/\/www.lospaziobianco.it\/worstsnapblogever\/?page_id=1107"},"modified":"2026-04-01T15:05:08","modified_gmt":"2026-04-01T13:05:08","slug":"glossario","status":"publish","type":"page","link":"https:\/\/www.lospaziobianco.it\/worstsnapblogever\/glossario\/","title":{"rendered":"Glossario"},"content":{"rendered":"\n<p class=\"has-small-font-size\"><em>Qui trovate alcuni dei termini pi\u00f9 usati (e particolari per i non avvezzi) del gioco, \u00e8 sufficiente passarci sopra per vederne la definizione. Allo stesso modo potete trovare queste definizioni all&#8217;interno degli articoli. <\/em><\/p>\n\n\n\n<div class=\"wp-block-columns is-layout-flex wp-container-core-columns-is-layout-9d6595d7 wp-block-columns-is-layout-flex\">\n<div class=\"wp-block-column is-layout-flow wp-block-column-is-layout-flow\" style=\"flex-basis:50%\">\n<p><span tabindex='0' class='glossary-item-container'>Affliction\/Toxic<span class='glossary-item-hidden-content'><span class='glossary-item-header'>Affliction\/Toxic<\/span> <span class='glossary-item-description'>I termini si possono tradurre in sofferenza e tossico, indicano quei mazzi che puntano ad affliggere le carte dell'avversario (ma anche le proprie) con penalit\u00e0 alla forza in modo da diminuirne le possibilit\u00e0 di vittoria. Carte principali del mazzo sono: <strong>H<\/strong><strong>azmat<\/strong>, <strong>Luke Cage<\/strong>, <strong>Man-Thing<\/strong>, <strong>Ajax<\/strong>.\r\r&nbsp;<\/span><\/span><\/span><br><span tabindex='0' class='glossary-item-container'>Auto-loss<span class='glossary-item-hidden-content'><span class='glossary-item-header'>Auto-loss<\/span> <span class='glossary-item-description'>Partite che sembrano impossibili da vincere a causa di svantaggi schiaccianti, per abbinamento con un avversario con le contromisure per il nostro mazzo o per una combinazione di carte che non si trova in mano nelle tempistiche giuste.<\/span><\/span><\/span><br><span tabindex='0' class='glossary-item-container'>BAEro<span class='glossary-item-hidden-content'><span class='glossary-item-header'>BAEro<\/span> <span class='glossary-item-description'>Mazzo contenente Aero (che inizialmente spostava tutte le carte giocate nel turno) ed elementi destroy come The Hood, Bucky Barnes, Carnage e Death.<\/span><\/span><\/span><br><span tabindex='0' class='glossary-item-container'>Bounce<span class='glossary-item-hidden-content'><span class='glossary-item-header'>Bounce<\/span> <span class='glossary-item-description'>Mazzi che sfruttano la strategia di riprendersi in mano le carte gi\u00e0 giocate per ripeterne gli effetti. Carte specifiche: <strong>Beast<\/strong>, <strong>Toxin<\/strong>.<\/span><\/span><\/span><br><span tabindex='0' class='glossary-item-container'>Buff<span class='glossary-item-hidden-content'><span class='glossary-item-header'>Buff<\/span> <span class='glossary-item-description'><!-- wp:paragraph -->\rUn potenziamento che viene applicato a una carta in seguito a una Patch o un OTA. Pu\u00f2 essere una diminuzione di costo, un aumento di forza o una modifica all'abilit\u00e0.\r<!-- \/wp:paragraph --><\/span><\/span><\/span><br><span tabindex='0' class='glossary-item-container'>Carry<span class='glossary-item-hidden-content'><span class='glossary-item-header'>Carry<\/span> <span class='glossary-item-description'>Dall'inglese \"to carry\" (trasportare), nello sport indica un giocatore che trascina la squadra alla vittoria, per analogia in Marvel Snap indica le carte su cui si basa la strategia di vittoria di un mazzo.<\/span><\/span><\/span><br><span tabindex='0' class='glossary-item-container'>Conquest<span class='glossary-item-hidden-content'><span class='glossary-item-header'>Conquest<\/span> <span class='glossary-item-description'>\u00c8 la seconda modalit\u00e0 fissa presente nel gioco. Si sfida un giocatore una serie di partite consecutive con 10 cubi in palio. Sconfiggendo gli avversari si progredisce attraverso quattro livelli di difficolt\u00e0 crescente per ottenere ricompense perlopi\u00f9 cosmetiche.<\/span><\/span><\/span><br><span tabindex='0' class='glossary-item-container'>Control<span class='glossary-item-hidden-content'><span class='glossary-item-header'>Control<\/span> <span class='glossary-item-description'>Attraverso le abilit\u00e0 di carte come <strong>Spider-Ham<\/strong>, <strong>Copycat<\/strong>, <strong>Shang-Chi<\/strong>, <strong>Enchantress<\/strong>, <strong>Rogue<\/strong>, <strong>Shadow King<\/strong>, ha l'obiettivo di contrastare le giocate avversarie attraverso un gioco che mira a impedire determinate combo o annullare effetti delle loro carte.<\/span><\/span><\/span><br><span tabindex='0' class='glossary-item-container'>Clog\/Junk<span class='glossary-item-hidden-content'><span class='glossary-item-header'>Clog\/Junk<\/span> <span class='glossary-item-description'>Dall'inglese To clog (intasare) o Junk (spazzatura). \u00c8 la pratica di aggiungere carte, perferibilmente di scarso valore, alle location dell'avversario per impedirgli di giocare carte proprie. Esempio di carte: <strong>Green Goblin<\/strong>, <strong>Hobgoblin<\/strong>, <strong>Viper<\/strong>, <strong>Annihilus<\/strong>.<\/span><\/span><\/span><br><span tabindex='0' class='glossary-item-container'>Datamine<span class='glossary-item-hidden-content'><span class='glossary-item-header'>Datamine<\/span> <span class='glossary-item-description'>\rLeaks, ovvero anticipazioni non ufficiali, di futuri contenuti di Marvel Snap come carte, varianti, bundles, che vengono estratti con appositi programmi dai files rilasciati nelle Patch.\r<\/span><\/span><\/span><br><span tabindex='0' class='glossary-item-container'>Destroy<span class='glossary-item-hidden-content'><span class='glossary-item-header'>Destroy<\/span> <span class='glossary-item-description'>Mazzi che basano la strategia di vittoria sul distruggere le proprie carte per potenziarle o ottenere altri vantaggi. Es: <strong>Carnage<\/strong>, <strong>Venom<\/strong>, <strong>Death<\/strong>, <strong>Knull<\/strong>.<\/span><\/span><\/span><br><span tabindex='0' class='glossary-item-container'>Discard<span class='glossary-item-hidden-content'><span class='glossary-item-header'>Discard<\/span> <span class='glossary-item-description'>Mazzo che basa la propria strategia sullo scartare la propria mano tramite carte come <strong>Blade <\/strong>o\u00a0<strong>M.O.D.O.K. <\/strong>per riprenderle in mano o potenziarne altre (<strong>Morbius<\/strong>, <strong>Dracula<\/strong>). Ci sono varianti che prevedono l'uso di <strong>Hela<\/strong>, <strong>Gambit<\/strong>, <strong>Konshu<\/strong>, <strong>Bullseye<\/strong> e altri ancora.<\/span><\/span><\/span><br><span tabindex='0' class='glossary-item-container'>Engine<span class='glossary-item-hidden-content'><span class='glossary-item-header'>Engine<\/span> <span class='glossary-item-description'>Engine sta per \"motore\" e si rifesce a quelle carte che portano avanti una strategia all'interno di un mazzo. Es: le carte dell'engine move di un mazzo possono essere Aragna, Iron Fist e Madame Web.<\/span><\/span><\/span><br><span tabindex='0' class='glossary-item-container'>Exodia<span class='glossary-item-hidden-content'><span class='glossary-item-header'>Exodia<\/span> <span class='glossary-item-description'>\r\r\r\r\r\r\rMazzo combo che si basa sul distruggere tutte le carte dell'avversario nell\u2019ultimo turno con la combo <strong>Wong<\/strong>-<strong>Mystique<\/strong>-<strong>Gambit<\/strong>. Il nome deriva da una carta di\u00a0<em>Yu-Gi-Oh!<\/em>, <strong>Exodia il Proibito<\/strong>, che garantisce una condizione di vittoria immediata se tutte e cinque le sue parti sono presenti in mano.\r\r\r\r\r\r\r\r<\/span><\/span><\/span><br><span tabindex='0' class='glossary-item-container'>Free to Play<span class='glossary-item-hidden-content'><span class='glossary-item-header'>Free to Play<\/span> <span class='glossary-item-description'>Giocatori che in app freemium (di base gratuite, ma con contenuti a pagamento) come Snap giocano senza acquistare Pass, bundle e senza quindi spenderci denaro reale. A seconda delle interpretazioni, si considera F2P anche chi acquista solo il Pass base di Snap.<\/span><\/span><\/span><br><span tabindex='0' class='glossary-item-container'>Good cards<span class='glossary-item-hidden-content'><span class='glossary-item-header'>Good cards<\/span> <span class='glossary-item-description'>Un mazzo composto da carte versatili, con statistiche non eccelse ma abilit\u00e0 che si adattano a tante situazioni. Anzich\u00e9 basarsi su combo e sinergie, puntano sulla duttilit\u00e0 e permettono generalmente di ottenere buoni risultati. In passato nei mazzi Good cards si trovavano carte come <strong>Iron Lad<\/strong>, <strong>Cosmo<\/strong>, <strong>Luke Cage<\/strong>, <strong>Shang-Chi<\/strong>...<\/span><\/span><\/span><\/p>\n<\/div>\n\n\n\n<div class=\"wp-block-column is-layout-flow wp-block-column-is-layout-flow\" style=\"flex-basis:50%\">\n<p><span tabindex='0' class='glossary-item-container'>Grindare<span class='glossary-item-hidden-content'><span class='glossary-item-header'>Grindare<\/span> <span class='glossary-item-description'>Nei videogame, indica l'azione di svolgere ripetutamente compiti semplici e noiosi per accumulare risorse, a scapito del divertimento.<\/span><\/span><\/span><br><span tabindex='0' class='glossary-item-container'>KaZoo<span class='glossary-item-hidden-content'><span class='glossary-item-header'>KaZoo<\/span> <span class='glossary-item-description'>Un archetipo che punta sul riempire i propri campi con carte di costo 1 (<strong>Squirrel Girl<\/strong>, <strong>Ant-Man<\/strong>) o comunque a basso costo per poi potenziarle con carte a effetto continuo come <strong>Ka-Zar<\/strong>, <strong>Blue Marvel<\/strong>,<strong> Onslaught<\/strong>.<\/span><\/span><\/span><br><span tabindex='0' class='glossary-item-container'>Ladder<span class='glossary-item-hidden-content'><span class='glossary-item-header'>Ladder<\/span> <span class='glossary-item-description'>\u00c8 la modalit\u00e0 principale di gioco, il sistema di progressione in cui dove i giocatori salgono di grado vincendo partite e accumulando cubi.<\/span><\/span><\/span><br><span tabindex='0' class='glossary-item-container'>Lockdown<span class='glossary-item-hidden-content'><span class='glossary-item-header'>Lockdown<\/span> <span class='glossary-item-description'>Strategia di gioco che mira a \"chiudere\" le location per impedire all'avversario di giocarci carte negli ultimi turni. Le carte peculiari dell'archetipo sono <strong>Storm<\/strong>, <strong>Professor X<\/strong>, <strong>Legion<\/strong>, <strong>War Machine<\/strong>, <strong>Jeff<\/strong>.<\/span><\/span><\/span><br><span tabindex='0' class='glossary-item-container'>Mana cheating<span class='glossary-item-hidden-content'><span class='glossary-item-header'>Mana cheating<\/span> <span class='glossary-item-description'>Mana cheating in Marvel Snap indica carte o combinazioni di carte che riducono drasticamente il costo energetico di un'altra carta o forniscono Energia supplementare, consentendo usare Carte dal costo elevato in anticipo rispetto al turno previsto.<\/span><\/span><\/span><br><span tabindex='0' class='glossary-item-container'>Meta<span class='glossary-item-hidden-content'><span class='glossary-item-header'>Meta<\/span> <span class='glossary-item-description'>Sta per \"Most Effective Tactics Availabe\". L'insieme delle strategie, carte e mazzi pi\u00f9 forti in un dato momento (con pi\u00f9 vittorie o cubi guadagnati) tra quelli impiegati maggiormente dalla comunit\u00e0 dei giocatori.<\/span><\/span><\/span><br><span tabindex='0' class='glossary-item-container'>Mill<span class='glossary-item-hidden-content'><span class='glossary-item-header'>Mill<\/span> <span class='glossary-item-description'>I mazzi mill (mulino, in inglese) tendono a svuotare il mazzo e la mano dell'avversario, \"macinando\" le sue carte cos\u00ec che possa giocarne. Tra le carte pi\u00f9 giocate nell'archetipo troviamo <strong>Yondu<\/strong>, <strong>Cable<\/strong>, <strong>Gladiator<\/strong>, <strong>Baron Zemo<\/strong>.<\/span><\/span><\/span><br><span tabindex='0' class='glossary-item-container'>Nerf<span class='glossary-item-hidden-content'><span class='glossary-item-header'>Nerf<\/span> <span class='glossary-item-description'>Un Nerf \u00e8 un depotenziamento di una carta fatto per favorire il bilanciamento del gioco. Pu\u00f2 essere una aumento di costo, una diminuzione di forza, o un cambiamento alla sua abilit\u00e0.<\/span><\/span><\/span><br><span tabindex='0' class='glossary-item-container'>OP<span class='glossary-item-hidden-content'><span class='glossary-item-header'>OP<\/span> <span class='glossary-item-description'>Sta per \"overpowered\", indica un personaggio, arma o abilit\u00e0 troppo forte, che sbilancia il gioco. In Snap pu\u00f2 fare riferimento a una singola carta o a una interazione tra pi\u00f9 carte.<\/span><\/span><\/span><br><span tabindex='0' class='glossary-item-container'>OTA<span class='glossary-item-hidden-content'><span class='glossary-item-header'>OTA<\/span> <span class='glossary-item-description'>OTA sta per Over-The-Air e indica un insieme di cambiamenti (solitamente alle carte) che non necessita di scaricare un aggiornamento del gioco.<\/span><\/span><\/span><br><span tabindex='0' class='glossary-item-container'>Outcome<span class='glossary-item-hidden-content'><span class='glossary-item-header'>Outcome<\/span> <span class='glossary-item-description'>\"Risultato\" in inglese, indica l'effetto finale delle giocate che determinano il successo o il fallimento.<\/span><\/span><\/span><br><span tabindex='0' class='glossary-item-container'>Ramp<span class='glossary-item-hidden-content'><span class='glossary-item-header'>Ramp<\/span> <span class='glossary-item-description'>Da To ramp (arrampicarsi), sono quei mazzi che hanno bisogno di generare pi\u00f9 Energia di quella base per poter giocare pi\u00f9 carte dal costo alto.<\/span><\/span><\/span><br><span tabindex='0' class='glossary-item-container'>RNG<span class='glossary-item-hidden-content'><span class='glossary-item-header'>RNG<\/span> <span class='glossary-item-description'>Sta per Random Number Generator, riferito all'effetto casuale e non prevedibile di alcune carte, per esempio <strong>Agent 13<\/strong>, <strong>Cable<\/strong>, <strong>Dragon Lord<\/strong>, <strong>Nick Fury<\/strong>, <strong>Morph<\/strong>.<\/span><\/span><\/span><br><span tabindex='0' class='glossary-item-container'>Tech Card<span class='glossary-item-hidden-content'><span class='glossary-item-header'>Tech Card<\/span> <span class='glossary-item-description'>Carte con abilit\u00e0 che contrastano un determinato tipo di strategia o combo avversaria. Es: <strong>Shang-Chi<\/strong>, <strong>Enchantress<\/strong>.<\/span><\/span><\/span><br><span tabindex='0' class='glossary-item-container'>Tryhardare\/Traiardare<span class='glossary-item-hidden-content'><span class='glossary-item-header'>Tryhardare<\/span> <span class='glossary-item-description'>Dall'inglese \"to try hard\", \"impegnarsi molto\", indica impegnarsi in maniera quasi ossessiva per raggiungere un obiettivo o per accumulare pi\u00f9 risorse possibili.<\/span><\/span><\/span><\/p>\n<\/div>\n<\/div>\n\n\n\n<p class=\"has-small-font-size\"><em>In costante aggiornamento&#8230;<\/em><\/p>\n","protected":false},"excerpt":{"rendered":"<p>Qui trovate alcuni dei termini pi\u00f9 usati (e particolari per i non avvezzi) del gioco, \u00e8 sufficiente passarci sopra per vederne la definizione. Allo stesso modo potete trovare queste definizioni all&#8217;interno degli articoli. Affliction\/ToxicAffliction\/Toxic I termini si possono tradurre in sofferenza e tossico, indicano quei mazzi che puntano ad affliggere le carte dell&#8217;avversario (ma anche le proprie) con penalit\u00e0 alla forza in modo da diminuirne le possibilit\u00e0 di vittoria. Carte principali del mazzo sono: Hazmat, Luke Cage, Man-Thing, Ajax. &nbsp;Auto-lossAuto-loss Partite che sembrano impossibili da vincere a causa di svantaggi schiaccianti, per abbinamento con un avversario con le contromisure per<\/p>\n","protected":false},"author":854,"featured_media":1257,"parent":0,"menu_order":0,"comment_status":"closed","ping_status":"closed","template":"","meta":{"slim_seo":{"title":"Glossario - Worst Snap Blog Ever","description":"Qui trovate alcuni dei termini pi\u00f9 usati (e particolari per i non avvezzi) del gioco, \u00e8 sufficiente passarci sopra per vederne la definizione. Allo stesso modo"},"footnotes":""},"coauthors":[64],"class_list":["post-1107","page","type-page","status-publish","has-post-thumbnail","hentry"],"_links":{"self":[{"href":"https:\/\/www.lospaziobianco.it\/worstsnapblogever\/wp-json\/wp\/v2\/pages\/1107","targetHints":{"allow":["GET"]}}],"collection":[{"href":"https:\/\/www.lospaziobianco.it\/worstsnapblogever\/wp-json\/wp\/v2\/pages"}],"about":[{"href":"https:\/\/www.lospaziobianco.it\/worstsnapblogever\/wp-json\/wp\/v2\/types\/page"}],"author":[{"embeddable":true,"href":"https:\/\/www.lospaziobianco.it\/worstsnapblogever\/wp-json\/wp\/v2\/users\/854"}],"replies":[{"embeddable":true,"href":"https:\/\/www.lospaziobianco.it\/worstsnapblogever\/wp-json\/wp\/v2\/comments?post=1107"}],"version-history":[{"count":2,"href":"https:\/\/www.lospaziobianco.it\/worstsnapblogever\/wp-json\/wp\/v2\/pages\/1107\/revisions"}],"predecessor-version":[{"id":2860,"href":"https:\/\/www.lospaziobianco.it\/worstsnapblogever\/wp-json\/wp\/v2\/pages\/1107\/revisions\/2860"}],"wp:featuredmedia":[{"embeddable":true,"href":"https:\/\/www.lospaziobianco.it\/worstsnapblogever\/wp-json\/wp\/v2\/media\/1257"}],"wp:attachment":[{"href":"https:\/\/www.lospaziobianco.it\/worstsnapblogever\/wp-json\/wp\/v2\/media?parent=1107"}],"wp:term":[{"taxonomy":"author","embeddable":true,"href":"https:\/\/www.lospaziobianco.it\/worstsnapblogever\/wp-json\/wp\/v2\/coauthors?post=1107"}],"curies":[{"name":"wp","href":"https:\/\/api.w.org\/{rel}","templated":true}]}}