{"id":2,"date":"2020-11-21T11:01:58","date_gmt":"2020-11-21T10:01:58","guid":{"rendered":"https:\/\/www.lospaziobianco.it\/pilloledifumettocinese\/?page_id=2"},"modified":"2020-12-17T18:45:06","modified_gmt":"2020-12-17T17:45:06","slug":"il-fumetto-cinese-orizzonti-curiosita-e-possibilita","status":"publish","type":"page","link":"https:\/\/www.lospaziobianco.it\/pilloledifumettocinese\/il-fumetto-cinese-orizzonti-curiosita-e-possibilita\/","title":{"rendered":"Il fumetto cinese: orizzonti, curiosit\u00e0 e possibilit\u00e0"},"content":{"rendered":"\r\n<p>Cos\u00ec come in qualsiasi altra parte del mondo, anche in Cina la nascita e la diffusione del \u201cfumetto\u201d sono fenomeni difficili da circoscrivere e definire con esattezza, poich\u00e9 frutto di ibridazioni e necessit\u00e0 comunicative in adattamento a specifiche circostanze storiche e socio-culturali. Anche se non possiamo imbarcarci nella titanica impresa di definire cosa sia il fumetto in assoluto, possiamo, in via preliminare, tirare una linea di confine, per quanto porosa e osmotica, tra linguaggi diversi, tenendo in considerazione specificit\u00e0 culturali e qualche qui pro quo. In poche parole, cercheremo di capire di cosa parliamo quando parliamo di fumetto cinese.<\/p>\r\n<p>La prima cosa che va chiarita \u00e8 che <strong>il fumetto cinese non ha nulla a che vedere con il fumetto giapponese<\/strong>, il famoso manga. Il fumetto cinese classico, tradizionale, si chiama <em>lianhuanhua<\/em> \u8fde\u73af\u753b (immagini \u753b concatenate \u8fde\u73af) (fig. 1), e non assomiglia per nulla al manga. Ha origini molto antiche e una storia moderna particolarmente interessante, legata alle Guerre dell\u2019oppio e allo status di semi-colonia di molte importanti citt\u00e0 cinesi, alla caduta dell\u2019impero e alla creazione di una cultura commerciale urbana, alla propaganda di Mao Zedong e alla passione per la copia dimostrata all\u2019apertura commerciale degli anni Ottanta.<\/p>\r\n<p>&nbsp;<\/p>\r\n<p style=\"text-align: center;\"><img loading=\"lazy\" decoding=\"async\" class=\"alignnone size-medium wp-image-22 aligncenter\" src=\"https:\/\/lospaziobianco.it\/pilloledifumettocinese\/wp-content\/uploads\/sites\/37\/2020\/11\/distaccamento-300x265.png\" alt=\"distaccamento\" width=\"300\" height=\"265\" srcset=\"https:\/\/www.lospaziobianco.it\/pilloledifumettocinese\/wp-content\/uploads\/sites\/37\/2020\/11\/distaccamento-300x265.png 300w, https:\/\/www.lospaziobianco.it\/pilloledifumettocinese\/wp-content\/uploads\/sites\/37\/2020\/11\/distaccamento.png 415w\" sizes=\"auto, (max-width: 300px) 100vw, 300px\" \/>\u00a0Fig. 1 Il distaccamento femminile rosso, tra i pi\u00f9 famosi lianhuanhua di epoca maoista.<\/p>\r\n<p><strong><em>\u00a0<\/em><\/strong><\/p>\r\n<p>Quindi no, fumetto giapponese e fumetto cinese non sono la stessa cosa dal punto di vista genealogico. Tuttavia, bisogna essere sinceri e ammettere che, specialmente in epoca recente, i legami tra i due sono molto stretti. Un occhio attento alla produzione contemporanea infatti avr\u00e0 di certo notato una netta <strong>somiglianza tra il manga e la produzione fumettistica mainstream cinese<\/strong> (fig.2), somiglianza che giustifica confusione e curiosit\u00e0.<\/p>\r\n<p><img loading=\"lazy\" decoding=\"async\" class=\"alignnone size-medium wp-image-23 aligncenter\" src=\"https:\/\/lospaziobianco.it\/pilloledifumettocinese\/wp-content\/uploads\/sites\/37\/2020\/11\/zhao-xiaobai-199x300.jpg\" alt=\"zhao xiaobai\" width=\"199\" height=\"300\" srcset=\"https:\/\/www.lospaziobianco.it\/pilloledifumettocinese\/wp-content\/uploads\/sites\/37\/2020\/11\/zhao-xiaobai-199x300.jpg 199w, https:\/\/www.lospaziobianco.it\/pilloledifumettocinese\/wp-content\/uploads\/sites\/37\/2020\/11\/zhao-xiaobai.jpg 267w\" sizes=\"auto, (max-width: 199px) 100vw, 199px\" \/><\/p>\r\n<p style=\"text-align: center;\">fig. 2 Zhang Xiaobai, maestra del nuovo fumetto cinese (<em>xin manhua<\/em>).<\/p>\r\n<p>&nbsp;<\/p>\r\n<p>Questo \u201cnuovo fumetto cinese\u201d che fa capolino alla fine del XX secolo \u00e8 evidentemente influenzato dalla produzione nipponica e, per questo ed altri motivi che indagheremo, non pu\u00f2 essere ricollegato con l\u2019antenato tradizionale, il <em>lianhuanhua<\/em>. Ci troviamo qui al cospetto di un altro genere, il <em>xin manhua<\/em> \u65b0\u6f2b\u753b (nuovo manhua). Ma che significa manhua? Quando \u00e8 nato, quest\u2019altro genere, dato che negli anni Duemila si parla di \u201cnuovo\u201d manhua? E inoltre, si tratta di una mera copia del manga giapponese o ha delle sue caratteristiche peculiari? E che fine fa il lianhuanhua dopo il boom maoista? Ci sono altri generi, altri linguaggi sul mercato cinese, attualmente? Proveremo a rispondere a queste e ad altre domande nella serie di interventi che seguir\u00e0.<\/p>\r\n<p><strong>Ad oggi in Italia, purtroppo, l\u2019interesse verso il fumetto cinese \u00e8 molto scarso.<\/strong> Nonostante i tentativi di case editrici quali Coconino e Canicola, qualche anno fa, e Oblomov, Add Editore e Bao Publishing, pi\u00f9 di recente, <strong>si conosce molto poco delle articolazioni e vicissitudini storiche di questo linguaggio in Cina (e gran parte delle pubblicazioni pi\u00f9 recenti sono di opere mai pubblicate in Cina).<\/strong><\/p>\r\n<p>La serie si propone dunque di divulgare con leggerezza alcune informazioni che si reputano interessanti<strong> per lettori di fumetto italiani e per amanti della cultura cinese<\/strong> che spero si avvicinino cos\u00ec anche a questo aspetto della millenaria cultura del gigante asiatico.<\/p>\r\n<p>Le \u201cpillole\u201d del titolo non rimandano solamente alla brevit\u00e0 degli interventi. La scelta rimanda anche, ironicamente, alle famose <strong>pillole dell\u2019 immortalit\u00e0<\/strong>, parte integrante della pratica religiosa taoista e umile omaggio al maestro Magnus, che con il suo fumetto <em>Le 110 pillole<\/em> ha introdotto agli amanti italiani del fumetto il pi\u00f9 famoso romanzo erotico della storia della letteratura cinese.<\/p>\r\n<p>\u00c8 arrivato dunque il momento di cominciare, partendo proprio da quando tutto \u00e8 iniziato, ossia dall\u2019invenzione della stampa, una delle \u201cquattro grandi invenzioni cinesi\u201d.<\/p>\r\n<p>&nbsp;<\/p>\r\n","protected":false},"excerpt":{"rendered":"<p>Cos\u00ec come in qualsiasi altra parte del mondo, anche in Cina la nascita e la diffusione del \u201cfumetto\u201d sono fenomeni difficili da circoscrivere e definire con esattezza, poich\u00e9 frutto di ibridazioni e necessit\u00e0 comunicative in adattamento a specifiche circostanze storiche e socio-culturali. Anche se non possiamo imbarcarci nella titanica impresa di definire cosa sia il fumetto in assoluto, possiamo, in via preliminare, tirare una linea di confine, per quanto porosa e osmotica, tra linguaggi diversi, tenendo in considerazione specificit\u00e0 culturali e qualche qui pro quo. In poche parole, cercheremo di capire di cosa parliamo quando parliamo di fumetto cinese. La<\/p>\n","protected":false},"author":568,"featured_media":9,"parent":0,"menu_order":0,"comment_status":"closed","ping_status":"open","template":"","meta":{"slim_seo":{"facebook_image":"https:\/\/lospaziobianco.it\/pilloledifumettocinese\/wp-content\/uploads\/sites\/37\/2020\/11\/pilloledifumettocinese_ico.jpg","title":"Il fumetto cinese: orizzonti, curiosit\u00e0 e possibilit\u00e0 - Pillole di fumetto cinese","description":"Cos\u00ec come in qualsiasi altra parte del mondo, anche in Cina la nascita e la diffusione del \u201cfumetto\u201d sono fenomeni difficili da circoscrivere e definire con esa"},"footnotes":""},"class_list":["post-2","page","type-page","status-publish","has-post-thumbnail","hentry"],"_links":{"self":[{"href":"https:\/\/www.lospaziobianco.it\/pilloledifumettocinese\/wp-json\/wp\/v2\/pages\/2","targetHints":{"allow":["GET"]}}],"collection":[{"href":"https:\/\/www.lospaziobianco.it\/pilloledifumettocinese\/wp-json\/wp\/v2\/pages"}],"about":[{"href":"https:\/\/www.lospaziobianco.it\/pilloledifumettocinese\/wp-json\/wp\/v2\/types\/page"}],"author":[{"embeddable":true,"href":"https:\/\/www.lospaziobianco.it\/pilloledifumettocinese\/wp-json\/wp\/v2\/users\/568"}],"replies":[{"embeddable":true,"href":"https:\/\/www.lospaziobianco.it\/pilloledifumettocinese\/wp-json\/wp\/v2\/comments?post=2"}],"version-history":[{"count":0,"href":"https:\/\/www.lospaziobianco.it\/pilloledifumettocinese\/wp-json\/wp\/v2\/pages\/2\/revisions"}],"wp:featuredmedia":[{"embeddable":true,"href":"https:\/\/www.lospaziobianco.it\/pilloledifumettocinese\/wp-json\/wp\/v2\/media\/9"}],"wp:attachment":[{"href":"https:\/\/www.lospaziobianco.it\/pilloledifumettocinese\/wp-json\/wp\/v2\/media?parent=2"}],"curies":[{"name":"wp","href":"https:\/\/api.w.org\/{rel}","templated":true}]}}